tors of r.
2, 5, 7
Suppose s + 4 + 5 = 0. Let j be -1 + -1 - (6 + -2). What are the prime factors of (20/j)/(3/s)?
2, 5
Suppose 3*p - 612 = p. List the prime factors of p.
2, 3, 17
Suppose 0 = 3*s - 2*l - 12, -2*s + 9 - 2 = -l. Let h be s/((-2)/(-4) - 0). Suppose -h*t + 60 = 16. List the prime factors of t.
11
Let k(q) = 0*q + 2*q + 1 - q. Let l be k(2). Suppose 4*n - 46 = -x, 4*x + l + 0 = n. List the prime factors of n.
11
List the prime factors of (-669)/(-39) + -5 - 2/13.
2, 3
Let d be (3/6)/((-2)/28). Let b(q) = q**2 + 8*q + 6. Let g be b(d). List the prime factors of (-10 - 0/1)/g.
2, 5
Let y = 3 + -4. Let m = y - -6. Let k(p) = -p**3 + 4*p**2 + 7*p + 1. List the prime factors of k(m).
11
Suppose 0 = -2*a - 3*a + 2*v + 575, -2*a + v = -229. List the prime factors of a.
3, 13
Suppose -5*a - 25 = 0, 0*p + p + 3*a + 21 = 0. Let k be 2/(((-4)/p)/2). List the prime factors of (-3)/2 + 45/k.
2, 3
Suppose 86 - 238 = -y. List the prime factors of (7/(-28))/((-2)/y).
19
Suppose -w + 4 = -3. Suppose -2*v - 11 = -5*v + 5*b, -v + b = -w. List the prime factors of v.
2, 3
Suppose -8 = 3*k - 53. Suppose -3*h + 35 = -d, h - d = -6*d - k. What are the prime factors of h?
2, 5
Let r(l) = l + 15. Let o be r(-7). Let m = 13 + o. List the prime factors of m.
3, 7
Let f(i) = 4*i**2 + 11*i + 7. Let j be f(-7). Suppose g = -0*b + 2*b - 46, -3*g = 5*b - j. List the prime factors of b.
2, 3
Let i be (21/6)/(2/4). Let u = -1 - -1. Let o = i - u. List the prime factors of o.
7
Suppose 4*w + 0*w = 16. Suppose -4*p = w*y - 0*y + 24, 3*p + 25 = 4*y. Let t = 10 + p. List the prime factors of t.
3
What are the prime factors of 117 - (-13 + 21)*(-1)/(-2)?
113
Let k be (0 - 2)*5/(-2). Let p = 6 + k. Suppose f = 5*u + 12, -2*f - u + p = 2*u. What are the prime factors of f?
7
Suppose -5*a + 690 = -3*l, -2*l - 131 = -3*a + 2*a. List the prime factors of a.
3, 47
Let j = 1 - 4. What are the prime factors of ((-14)/4)/(j/6)?
7
List the prime factors of -3*(-1412)/(-12)*-1.
353
Let c = -20 - -10. Let t = c + 14. Suppose t*h - 3*w - 19 = 0, -3*w - w + 12 = 0. List the prime factors of h.
7
Suppose -4*s + 32 = -32. What are the prime factors of s?
2
Let f(p) = -5 - 1 + 6 - p. List the prime factors of f(-6).
2, 3
Suppose 5 = 5*c + 25. Let v be (1 - -2)/(c/20). Let d = 28 + v. What are the prime factors of d?
13
Let i(x) be the third derivative of x**4/24 - x**3/3 - 3*x**2. Let m be i(3). List the prime factors of 2/(1 + (1 - m)).
2
Let l be (-4)/(-2)*(-3)/(-2). Suppose d + 2 = 0, 3*s - 3*d = -2*s + 136. Suppose 4*z + 29 = l*b, -3*b + z + s = -6. What are the prime factors of b?
11
Suppose 5*t - 88 = 357. What are the prime factors of t?
89
Let s(d) = d**3 - 8*d**2 - 12*d - 11. Let z(a) = a + 1. Let p(f) = s(f) + 6*z(f). List the prime factors of p(9).
2, 11
Suppose -29*y - 100 = -33*y. What are the prime factors of y?
5
Suppose -5*l + 27 = -23. Let k(u) = 4*u - 12. What are the prime factors of k(l)?
2, 7
Let d(m) = 59*m**2 + 1. What are the prime factors of d(1)?
2, 3, 5
Let y(t) = -t**3 - 2*t**2 + t + 1. Let f be y(-2). Let r be f*(4*-2)/2. Suppose -2*g = -a - a + 26, 0 = r*a - 2*g - 50. What are the prime factors of a?
2, 3
Suppose 3*x - 22 = 2*n - 4*n, -3*n = -3*x - 3. Suppose 1 = x*o - 3. What are the prime factors of ((o - 3) + 5)*1?
3
Let o = -6 - -6. Suppose -5*y - 5*k + 215 = o, 8 = 2*k - 2. Suppose -y = -3*b + 4. List the prime factors of b.
2, 7
Let j = -4 - -6. Suppose -17 = -j*o + o. List the prime factors of o.
17
Let z(f) = -3*f - 19. What are the prime factors of z(-10)?
11
Let x(b) be the third derivative of b**4/24 + 5*b**3/3 + 3*b**2. Let i be x(-8). List the prime factors of (-114)/(-6) + (-1 - i).
2
Suppose -391 - 512 = -7*r. List the prime factors of r.
3, 43
Suppose m - 6 = -i + 6*m, 3*i + 3*m - 108 = 0. List the prime factors of i.
31
Suppose -4 - 4 = 4*y, 0 = -4*k - y + 10. Suppose k*r - 27 = 9. What are the prime factors of r?
2, 3
Let g(y) = -y - 10. Let z be g(-10). Suppose -5*l + z*x - 3*x + 96 = 0, 4*l - 80 = -4*x. What are the prime factors of l?
2, 3
Let t(d) = 2*d**2 - 5*d - 2. Let p be t(4). Suppose 0 = h + h - p. List the prime factors of h.
5
Let v = -2 + 8. Let n(m) = 16*m**3 - m**2 + m. Let i be n(1). Let o = i - v. What are the prime factors of o?
2, 5
Let s(y) = 10*y**2 - 7. List the prime factors of s(6).
353
Suppose 2*v = -0*v + 4. Suppose -c - 3 = -5. Suppose -2*u - v*o = -38, 5*u - c*o - 88 = -0*o. What are the prime factors of u?
2, 3
Let y(j) = 2*j - 1. Let q be y(2). Suppose 0 = -7*t + q*t - 188. List the prime factors of t/(-4) - (-2)/8.
2, 3
Suppose 3*d + 0 + 3 = 0. Let w(b) = -b**2 + b. Let l(s) = -3*s**3 - 4*s**2 + 4*s - 1. Let x(u) = d*l(u) + 3*w(u). List the prime factors of x(1).
2
Suppose -b = 4*b - 335. What are the prime factors of b?
67
Let t be (-4)/12 - (-2)/6. Suppose t*c + 6 = -3*c. List the prime factors of 0/((-2)/1) - c.
2
Let u(r) = r**2 - 2*r. Let v(s) = -s**3 - 7*s**2 - 7*s - 3. Suppose 0 = 4*m + 20 + 4. Let h be v(m). List the prime factors of u(h).
3
Let k be (-3)/12*0*1. Suppose k*v = 5*v - 250. What are the prime factors of v?
2, 5
Suppose 0 = -3*c + 11 + 4. Let m = c + 6. What are the prime factors of m?
11
Suppose -9*j + 5 = -8*j. Suppose -2*v + 5*r = -120, 0*v + j*v - 270 = 5*r. What are the prime factors of v?
2, 5
Let i = 3 + 4. Suppose 4*a - b = 3*a + i, -5*b = a - 31. List the prime factors of a.
11
Let f(z) = z**3 + 10*z**2 + 6*z. List the prime factors of f(-9).
3
Suppose -3*a + 28 = i, 4*i = -2*a + 5*a + 127. What are the prime factors of i?
31
Let f = 6 + -11. Let u(p) = 2*p**2 + 6*p - 1. List the prime factors of u(f).
19
Let r = 4 - 1. Suppose 6*v = 4*v + 4*b + 18, -48 = -r*v - b. List the prime factors of v.
3, 5
Let d(i) = -i**3 + 8*i**2 + 9*i + 5. Let w be d(9). Suppose 2*o - 13 = w*z + 1, -4*o + 50 = z. List the prime factors of o.
2, 3
Suppose b - 5*b + 2*x = -60, -3*b + 50 = x. Suppose -2*v + b = -0. List the prime factors of v.
2
Let v(m) = m**2 - 2*m + 14. Let o(q) = q + 1. Let d(j) = 6*o(j) - v(j). List the prime factors of d(6).
2
List the prime factors of 183/18 + 3/(-18).
2, 5
List the prime factors of 1 - -1 - (-5 + -84).
7, 13
Suppose -2*b = -7*b + 750. What are the prime factors of b?
2, 3, 5
Let j(x) = 7*x - 6. Let b(h) = 8*h - 5. Let l(p) = -2*b(p) + 3*j(p). List the prime factors of l(6).
2, 11
Let t(z) = -122*z + 1. List the prime factors of t(-1).
3, 41
Suppose 1092 = 19*h - 13*h. List the prime factors of h.
2, 7, 13
Suppose -s - 3*s = -84. Suppose 3*h = -w + 7 + s, -3*h + 5*w + 4 = 0. Suppose h = 3*r - r. List the prime factors of r.
2
Let d = -20 + 10. Let l = d + 30. What are the prime factors of l?
2, 5
Let a(u) = 4*u - 2. Let g be (4/12)/(2/24). What are the prime factors of a(g)?
2, 7
Let l be (-34)/(-10) + (-4)/10. Suppose -5 = 3*w + 4*f, 3*w + 3*f = f + 5. Let u = w + l. What are the prime factors of u?
2
List the prime factors of (-1160)/(-7) - ((-12)/(-21))/(-2).
2, 83
Let m be 19/4 - 3/(-12). Suppose v - 16 = -v + 4*g, 28 = m*v - 4*g. Suppose -5 - v = -x. What are the prime factors of x?
3
What are the prime factors of (-47)/94 - (-1)/2*551?
5, 11
Let i(r) = -r**3 + 5*r**2 + r + 3. Let z be i(5). Suppose 5*p + 27 - 2 = 0, -2*w - p = 1. Let k = z - w. List the prime factors of k.
2, 3
Let p(l) = l**3 - 3*l**2 + 5*l - 4. Suppose -w + 2 + 1 = 0. List the prime factors of p(w).
11
Let z(c) = c**2 - 3*c - 1. Let d(j) = j**2 + 3*j + 2. Let p be d(-4). List the prime factors of z(p).
17
Suppose 0 = -5*i + 2 - 12. What are the prime factors of 0/i + 198/9?
2, 11
Let a = 9 + -6. Suppose a*h - 3*l - 2 = 7, -2*h - 4*l + 18 = 0. Suppose h*y = 3*y + 16. List the prime factors of y.
2
Suppose 3*s + 64 = 7*s - 4*x, -4*s + x + 67 = 0. Suppose -i + 3*o + s - 4 = 0, -4*i + 4*o = -92. List the prime factors of i.
2, 7
Let u = -7 + 11. What are the prime factors of ((-45)/(-20))/(1/u)?
3
Let f(z) = 20*z**2 + 24*z - 32. Let x(l) = -7*l**2 - 8*l + 11. Let b(j) = 6*f(j) + 17*x(j). What are the prime factors of b(-10)?
3, 5
Suppose 6*q - 2*q - 96 = 0. Let b = -1 - -6. Suppose h - b*h = -q. List the prime factors of h.
2, 3
Let j be (1/3)/((-1)/(-12)). Suppose -2*p - 3*y + 20 = -p, 0 = -j*p + 2*y + 80. List the prime factors of p.
2, 5
Suppose -3*j = -2*j - 2. Let z = j - -2. Suppos